 is x(j)?
3
Let u(k) = k**2 - 3*k + 1. Suppose m + 4 + 17 = -5*b, b - 15 = -5*m. Determine u(m).
5
Suppose 0*z = -3*z - 5*c - 2, 0 = 2*z - 3*c + 14. Let v be 6/z - 6/(-4). Let r(i) = i**2 + i + 9. Give r(v).
9
Let w(r) be the second derivative of r**3/6 - 2*r**2 - 11*r. Let y = 5 + -5. Determine w(y).
-4
Let p(m) = -3*m**2 + 2*m - 1. Suppose -9*y + 10*y - 2 = 0. Give p(y).
-9
Let s(k) = k**3 - 4*k**2 - 4*k + 2. Let u = 5 + 0. Suppose -15 = -4*f + u. Give s(f).
7
Let k(h) = h. Let v be (-48)/(-22) + (-8)/44. Suppose 0 = -2*a - b + 2, v*b = -5*a + 10 - 4. Let t be 1/2*6 - a. Calculate k(t).
1
Let m be (-6)/(-12)*(1 - 13). Let v(y) = 7*y + 3. Let r(f) = 15*f + 7. Let n(i) = m*r(i) + 13*v(i). What is n(3)?
0
Let i = 13 - 24. Let o be 4/22 - 31/i. Let a(q) = -q**3 - 4*q + 8*q + 2*q**o + 2 + 2*q**2. What is a(-2)?
-6
Let j(q) = -2*q**2 + 2. Suppose -2*d + 1 = -3. Let o = 2 - d. Let z be (o + 2/(-2))*2. Give j(z).
-6
Suppose -2*p + 29 - 13 = 0. Let b(s) = -s**3 + 9*s**2 - 10*s + 5. Determine b(p).
-11
Suppose -3*p + 2 = -4. Let t(k) = -4*k - k + p*k. Give t(-1).
3
Let q(u) = -u**3 + 4*u**2 - 4*u - 1. Suppose -2 = -5*k + 13. Let m be q(k). Let z(v) = -3*v**2 - v**2 - 7*v - v**3 + 4*v - 1 - 3. Give z(m).
8
Let k(m) be the third derivative of m**4/24 - m**3/6 + m**2. Let x(h) = h**2 - 3*h + 2. Let l be x(3). Let w be 1/(2*1/l). Give k(w).
0
Suppose 65 = 3*a + 50. Let y = 3 + -1. Let l(n) = -5 - 4*n**y - 5*n + 3*n**3 + 3*n**3 - 5*n**3. Determine l(a).
-5
Suppose 11*f = 20*f + 45. Let z(y) be the second derivative of -y**5/20 - 5*y**4/12 + 2*y**2 + y. Give z(f).
4
Let c(n) = -5*n. Let h(d) = -4*d + 5. Let p be h(-4). Suppose -4*q - q = -4*k - p, -4*q + 22 = 2*k. Calculate c(k).
-5
Let r be 33/12 - (-1)/4. Let y(z) be the first derivative of -3*z**2/2 - 21. Calculate y(r).
-9
Let l be (-4)/8 - (-2)/4. Suppose 3*p - 18 = 3*s, -2*s - 2*p - 5 - 7 = l. Let t(z) = z**2 + 4*z - 7. Calculate t(s).
5
Let o = 32 + -32. Let v be (0 - 0) + 3*-1. Let p = o - v. Let j(r) = r**3 - 4*r**2 + 4*r + 1. Determine j(p).
4
Let r be -4 + -21*(-2)/6 - 3. Let w(g) be the third derivative of r*g + 0 - 1/120*g**6 - 1/8*g**4 - 2*g**2 - 2/3*g**3 - 1/20*g**5. Give w(-3).
5
Let t(x) = x**3 - 12*x**2 + 11*x - 1. Let p(j) = -j**3 - 4*j**2 + 3*j + 1. Let s be p(-5). Let r be t(s). Let a(b) = 0*b - 1 - b - 3*b**3 - b. Calculate a(r).
4
Suppose 0*o - 13 = -3*p + o, -5*o + 10 = 0. Suppose u = 4*j + 5, 1 + 9 = 5*u - p*j. Let f(x) = -2*x**3 - x**2. What is f(u)?
-3
Suppose 0 = -2*c - c + 9. Let t(u) = u**2 - u**3 + 1 + 2*u**c - 3*u + 6*u - 2*u. Let k(p) = 3*p**2 - 7*p - 2. Let y(m) = k(m) + t(m). Give y(-5).
4
Let n(f) = 9*f - 3. Let o(z) = 10*z - 3. Let p(w) = -6*n(w) + 5*o(w). What is p(3)?
-9
Let r(i) = -3*i**2. Let k be r(-1). Let a be (6 - 3 - 3)/(-2). Let h(j) = -j**2 - 4*j + a*j + 5*j + 4. Give h(k).
-8
Let n(l) = -5*l - 3. Let z be n(-3). Let p be 27/z + (-1)/4. Let y(d) = -2*d**p - 3*d - 2 + 3*d**2 - 3*d. Give y(5).
-7
Let i(h) = 4*h**3 + 4*h**2 + 6*h + 6. Let j(b) = 3*b**3 + 4*b**2 + 5*b + 6. Let v(q) = 2*i(q) - 3*j(q). Let l be ((-8)/6)/((-6)/(-18)). What is v(l)?
6
Let i(s) = s**3 + 7*s**2 + s - 3. Let m(y) = 2*y**3 + 8*y**2 + 2*y - 3. Let w(p) = -3*i(p) + 2*m(p). Let u be 3 + 0 + -2 + 3. What is w(u)?
-9
Let x(n) = n**2 + 6*n + 3. Suppose -3 = 2*i - y + 13, i - 6 = -3*y. Give x(i).
3
Let a(c) be the first derivative of -c**2 + 4*c - 2/3*c**3 - 9. Calculate a(-3).
-8
Let d(n) be the second derivative of n**3/6 + 5*n**2/2 + n. Let a be (-49)/(-2) + (-6)/12. Suppose -4*p - a = -8. Calculate d(p).
1
Let a = 16 + -10. Let q(w) = 3*w + a - 5 - 2*w + 3. Determine q(-3).
1
Let s be (-3 - -2) + 3*-1. Let r = -4 - s. Let g(j) be the third derivative of j**6/120 - j**4/24 - j**3/3 - j**2. Calculate g(r).
-2
Let p(n) be the third derivative of -n**4/24 + 2*n**3/3 + n**2. Suppose -16 = -5*i - 1. Suppose -5*q - 2*w = -28, -7*q + 2*q + 8 = -i*w. Give p(q).
0
Suppose -2*t + x - 13 = -4*x, -3*x + 9 = -t. Let y = 11 - t. Let k(d) be the second derivative of d**5/20 - d**4/3 - 7*d**3/6 + 2*d**2 + 3*d. Calculate k(y).
-6
Let v(r) = -r**3 + 5*r**2 + 6. Let n be v(5). Let s = n + -6. Let p(j) = j + 2. Let l(u) = -3*u - 4. Let y(i) = 2*l(i) + 5*p(i). Give y(s).
2
Let f(g) = -6*g**2 - 2*g**2 - g - 2*g + 6*g**2 - g**3. What is f(-2)?
6
Let v(f) = f**2 - 5*f + 3. Let k be v(5). Let w(j) = 3 + k + 0 - 2*j. Determine w(4).
-2
Let b(x) be the third derivative of -4*x**2 + 5/24*x**4 + 0 + 1/120*x**6 + x**3 + 1/12*x**5 + 0*x. Let d = -7 - -3. What is b(d)?
2
Let x(l) be the third derivative of 0 + 0*l**4 - l**2 + 0*l + 1/60*l**5 + 1/6*l**3. Let c(o) be the first derivative of x(o). Determine c(1).
2
Suppose 7*a + 12 + 2 = 0. Let f(b) = -1 - 2*b + 2*b**3 + b**2 - 2*b - 2. What is f(a)?
-7
Let k(s) = 2*s**2 + 2*s + 8. Let a(f) = -f**2 - f - 4. Let u(l) = -5*a(l) - 2*k(l). Give u(0).
4
Let r be 5 + 4 + -2 + -1. Suppose -2*u + 5*u + r = 0. Let j(h) = -3*h + 1. Let c(d) = -3*d + 2. Let v(l) = 3*c(l) - 4*j(l). Calculate v(u).
-4
Let b(x) = x**2 + 12*x + 2. Let s be b(-12). Let h(y) = 2*y - y - 1 + 2*y - s*y. What is h(-4)?
-5
Let f(p) = -5*p**3 + 5*p**2 - 7. Let w(x) = 9*x**3 - 10*x**2 + 13. Let h(o) = 11*f(o) + 6*w(o). Determine h(-5).
1
Let n(a) = a**2 - a - 1. Let g(l) = -l**3 + 9*l**2 - 3*l - 2. Let o(c) = g(c) - 2*n(c). Determine o(7).
-7
Let f be 0 + 2 + -2 - 1. Let x(u) be the third derivative of 1/6*u**3 - u**2 + 0*u - 1/15*u**5 + 0 + 1/24*u**4. Calculate x(f).
-4
Let t = 13 - 8. Suppose t*a = 11 + 19. Let s(f) = -5*f + f + 1 + 3*f. What is s(a)?
-5
Let y(a) = 6*a**2 - 9*a + 3. Let k(u) = 7*u**2 - 10*u + 4. Let i(n) = -5*k(n) + 6*y(n). Let q be ((-1)/(-2))/((-7)/(-98)). Let w = 12 - q. What is i(w)?
3
Let f(t) be the first derivative of t**2/2 + 9. Suppose -g - 3*d + 11 = 0, -g - 4*d = -9 - 5. Let p be (-2 - -2) + 4/g. What is f(p)?
2
Suppose -3*k + 11 = 2*c, -c - 4*c + 19 = -k. Let d(t) = -k + 4*t**2 - 4*t**2 + t**2. Let s be d(0). Let n(x) = 5*x - 1. Calculate n(s).
-6
Let p(i) = 8*i - 2. Let h(m) be the third derivative of m**4/24 - 2*m**2. Let y(d) = 18*h(d) - 2*p(d). Calculate y(-5).
-6
Let b(k) be the second derivative of k**7/840 - k**6/360 + k**5/120 - k**4/2 - 10*k. Let x(o) be the third derivative of b(o). Calculate x(2).
9
Let u(j) = 4*j + 3. Let o(d) = -8*d - 6. Let p(l) = -6*o(l) - 11*u(l). Let q(n) = -1. Let b(i) = p(i) + 5*q(i). Determine b(2).
6
Let l(q) = 4*q**3 + q. Suppose -u - 6 = 5*u. Calculate l(u).
-5
Let p(b) = 3*b**3 + b**2 + 1. Let k(j) = j - 7. Let z be k(5). Give p(z).
-19
Let a(w) be the second derivative of 1/20*w**5 - 1/2*w**2 - 3*w + 0 - 1/12*w**4 - 1/3*w**3. Calculate a(2).
-1
Let s(v) = 4*v**3 - v - 1. Suppose 4 = -3*g + g. Let j(q) = -2*q**3 - 2*q**2. Let l be j(g). Suppose -5*i = 3*b + l, 5*b = -2*i - 2*i - 9. Give s(b).
-4
Let m(h) be the second derivative of -1/6*h**3 + 1/2*h**2 + 0 - 2*h - 1/6*h**4. Let r(d) = -d**3 - 5*d**2 + 5*d - 5. Let t be r(-6). Determine m(t).
-2
Let p(t) be the first derivative of t**3/3 + 3*t**2 + 4*t - 2. Determine p(-6).
4
Let z(p) = -p**3 - 7*p**2 - 9*p + 4. Let a be z(-5). Let l(o) = -4*o - 1. Determine l(a).
3
Suppose -2*d + 5*n = -23, -d + 3*n + 2 = -12. Let j(a) be the third derivative of 0 + a**2 - 1/12*a**4 + 1/60*a**6 + 0*a - 1/6*a**3 - 1/60*a**5. What is j(d)?
-2
Suppose -3*r - 6 = -q - 2*r, 3*q = 5*r + 18. Let c(j) = 0*j - q + 7 - j. Give c(-1).
2
Let g be (-21)/4 + (7 - (-135)/(-20)). Let f(l) = l**2 + 7*l - 6. What is f(g)?
-16
Let r(s) = -s**2 - 5*s - 1. Let v(t) = -2*t + 7. Let l be v(6). Let z(g) = g**2 + 5*g - 3. Let w be z(l). What is r(w)?
5
Let u(g) = -3*g + 1. Let r = 4 - 6. Calculate u(r).
7
Suppose -v + 10 = 4*a, 10 = 4*a - 3*a + 4*v. Let c(j) = j**2 + j + 2. What is c(a)?
8
Let r(d) = -d**3 + 2*d - 1. Suppose -4 + 3 = g. Let q be g/(-2)*0 + 1. Determine r(q).
0
Suppose -4 + 2 = n, p + n - 2 = 0. Suppose m - 10 = -p*m. Let o(z) = z**3 - 3 - 2*z**2 - 5*z**2 + z**m + 5*z. Calculate o(5).
-3
Let t(r) be the second derivative of r**4/12 + 4*r**3/3 + 7*r**2/2 + 14*r. What is t(-6)?
-5
Suppose -62 = 2*k - 68. Let x(y) be the first derivative of 3*y**2/2 - 4*y - 2. Calculate x(k).
5
Let q(c) = -5*c**2 + c + 0 + 1 + c**3 - 1 - 1. Let j be q(5). Let d be ((-3 - -1) + j)/1. Let a(i) = -i**2 - 4*i + 3. What is a(d)?
-9
Let j be